Let g be h(-11). Suppose g*y = 14 + 68. Calculate the remainder when 203 is divided by y.
39
Let z(p) = p**2 + 4*p - 7. Let o be (4/10)/(2/10). Suppose -2*r - 2*r - 5*g + 12 = 0, -3 = -r + o*g. What is the remainder when z(-7) is divided by r?
2
Let y = 481 + 59. Calculate the remainder when y is divided by 8.
4
Let i(l) = -l**3 - 16*l**2 + l + 17. Let f be i(-16). Let n be 18/(-4)*10/15. What is the remainder when f/(4*n/(-168)) is divided by 8?
6
Suppose 0 = -8*j + 414 - 366. What is the remainder when 82 is divided by j?
4
Let c(o) = -o**3 + 3*o**2 + o - 2. Let z be c(3). Let k = -16 - -3. Let g = z - k. Calculate the remainder when 25 is divided by g.
11
Suppose 5*b - 15 = -5*y, 5*y + 9 = 4*y + 3*b. Suppose y = -4*j - p + 18, -p + 24 = 4*j + 3*p. Calculate the remainder when 4 is divided by j.
0
Let a = 65 - -37. Suppose 0*t - 616 = -22*t. Calculate the remainder when a is divided by t.
18
Let x = -63 - -60. What is the remainder when (62 - -4 - x) + -3 is divided by 19?
9
Suppose 0 = t - 3*b - 8, -7*t + 6*t - 3*b = -8. What is the remainder when 391 is divided by t?
7
Let k = 174 - 105. Suppose -64 = -s - 3*s - 3*d, -5*s = d - k. Suppose -i + 28 = -y, -12 = -2*y + 6*y. Calculate the remainder when i is divided by s.
12
Suppose 160 = 5*x + 25. Calculate the remainder when 52 is divided by x.
25
Suppose -28*k - 30 = -33*k. What is the remainder when 18 is divided by k?
0
Suppose 4*v + 105 + 47 = 0. Suppose -4*d + 42 = -5*z, -2*d = 3*d + 2*z - 69. Calculate the remainder when (-3)/1 - (v - 1) is divided by d.
10
Let l(n) = 2*n**2 - 12*n + 23. Let v = 84 + -79. Calculate the remainder when 24 is divided by l(v).
11
Let z(l) = l**3 + l**2 - l - 28. Let w be z(0). Let r be 2316/21 - (-8)/w. Suppose -4*v = v - r. What is the remainder when 107 is divided by v?
19
Let j = 48 + -43. Suppose j*i - 4*o = 231, 2*i - 5*o - 235 = -3*i. What is the remainder when i is divided by 24?
19
Let r = -127 - -194. Let b = 3 - 0. What is the remainder when r is divided by 51/(-3)*(b + -4)?
16
Let b(a) = -11*a + 10. Let k be b(-5). Let c = 45 - k. Calculate the remainder when 10 is divided by (-2 + (-32)/c)*-10.
2
Let t(g) = -g**3 - 3*g**2 + g - 3. Let p be t(-3). What is the remainder when (-21 + 22)/(8/14 + 42/(-98)) is divided by (-22)/p + (-4)/6?
1
Let n = 58 + -4. Suppose n = 2*o + o. Calculate the remainder when 53 is divided by o.
17
What is the remainder when 4/((-8)/78)*(-16)/6 is divided by 38?
28
Suppose 5*n + 4*h - 1145 = 0, -4*n - 2*h = -649 - 273. Calculate the remainder when n is divided by 26.
25
What is the remainder when (-412)/(-12)*-1*-3 is divided by 13?
12
Suppose 8*s - 4*s - 380 = -y, -294 = -3*s - 3*y. What is the remainder when s is divided by 16?
14
Suppose -17*a = -132 - 4. What is the remainder when 37 is divided by a?
5
Let y = -10 + 24. Suppose -2*l + 36 = 4*v + y, 0 = 5*v - l - 17. What is the remainder when (-60)/5*(-3)/4 is divided by v?
1
Suppose -y - y + 5*k - 26 = 0, 3*k - 22 = 2*y. Let b(s) = -s**2 - 11*s - 12. What is the remainder when b(y) is divided by 9?
3
Let h be 1*(-6 - -4) + 16. Suppose -3*j - 1 = h, 0 = -2*p + 4*j + 100. Suppose 4*w + 0*w - p = 0. What is the remainder when 36 is divided by w?
6
Let u(y) = y**2 + 14*y + 17. Let d be u(-13). Suppose -28 = -0*j - d*j. Calculate the remainder when 17 is divided by j.
3
Let n = -189 + 380. Calculate the remainder when n is divided by 24.
23
Let s = -270 - -317. What is the remainder when 90 is divided by s?
43
Let o be (-154)/(-6)*(6 + 0). Suppose 2*t = -4*c + 221 - 13, 3*c + 2*t = o. Calculate the remainder when c is divided by 19.
16
Let m(b) = 0*b + b - b**2 + 2*b**2 - 3*b**3 + b**2. Suppose -2*x + 5*t + 13 = -4, x = -t + 12. What is the remainder when x is divided by m(-1)?
3
Suppose -9*l - 385 - 114 = -2*i, -2*i = 4*l - 538. What is the remainder when i is divided by 79?
26
Let n be (36/72)/(1/82). Let d be 0 + 4/((-12)/(-63)). Let a = n - d. What is the remainder when a is divided by 7?
6
Suppose -972 = 37*h - 43*h. Calculate the remainder when h is divided by 14.
8
Let t = 223 + -213. What is the remainder when 26 is divided by t?
6
Let m = -360 - -387. What is the remainder when 99 is divided by m?
18
Let j = 162 - 145. Let v = 46 - 32. Let u = v - 8. Calculate the remainder when j is divided by u.
5
Let l(c) = -3*c. Let j(g) = 3*g - 10. Let t be j(4). Suppose 14 = t*u - 0*u. What is the remainder when l(-4) is divided by u?
5
Suppose -176 = -16*f + 240. Calculate the remainder when 221 is divided by f.
13
Let a = 148 + -119. What is the remainder when a is divided by 8?
5
Suppose 3*o - 3*d = -2*o + 100, o - 13 = 2*d. Calculate the remainder when 66 is divided by o.
20
Suppose 31 = 14*g - 9*g + 2*b, 2*g + b - 12 = 0. Calculate the remainder when 15 is divided by g.
1
Calculate the remainder when 98 is divided by ((-3)/(-1) - -5)/(-2) + 50.
6
Let r(h) = 6*h - 33. What is the remainder when r(9) is divided by 4?
1
Suppose 15*b = 4650 - 585. What is the remainder when b is divided by 88?
7
Let g be (-1 - 27) + (-1 - -1). Let d = g + 58. Let b = -124 - -135. Calculate the remainder when d is divided by b.
8
Suppose 0 = 5*r - t - 265, 5*t + 265 = 5*r - 0*t. Suppose 4*p = 3*n - 2*n - r, 2*n = -2*p + 56. What is the remainder when 96 is divided by n?
30
Let g(d) = -3*d**3 + 15*d**2 + 13*d - 9. What is the remainder when g(-4) is divided by 25?
21
Suppose 0 = 4*v + 4*m - 276, -4*v + 360 = 5*m + 83. Calculate the remainder when v is divided by 13.
3
Suppose n + 932 = 5*t, 0*n + 4*n + 175 = t. What is the remainder when t is divided by 8?
3
Let n = 253 + -247. What is the remainder when 87 is divided by n?
3
Let d = -117 - -194. What is the remainder when 307 is divided by d?
76
Suppose -2*s + 4*h + 104 = 0, -s + 53 = -4*h + 3*h. Suppose -s = -d - d. What is the remainder when d is divided by ((11 + -7)/4)/(1/7)?
6
Let t(f) = -67*f + 17. Suppose 0 = 2*l - 5*l - 18. Let d = 11 - l. Calculate the remainder when t(-1) is divided by d.
16
Let x(j) = j**2 + 4*j - 2. Let b be x(-6). Let n = -10 + b. Suppose n = -p + 7 + 12. Calculate the remainder when 37 is divided by p.
18
Suppose 5*p = 5*s + 10, 3*p - 21 = s - 3*s. Let m(f) = 44*f**2 - 8*f + 3. What is the remainder when m(1) is divided by p?
4
Let g = -9 + 19. Suppose -2*c = l + 2 - 14, -4*c + l + 30 = 0. Calculate the remainder when g is divided by c.
3
Suppose 4*t - 457 = -5*f, 2*t = 5*f - 170 - 299. Let i = -21 - -180. Let q = i - f. What is the remainder when q is divided by 23?
20
Let c be (-6)/(-2) + -4 - -6. Let p be (-5)/c*2*-2. Suppose -3*g - p*w = -216, -2*w + 6*w - 352 = -5*g. What is the remainder when g is divided by 18?
14
What is the remainder when 2*1/2 + 3 + 454 is divided by 9?
8
Suppose 6*u = -5*p + 4*u + 2461, p + 4*u - 503 = 0. What is the remainder when p is divided by 41?
40
Let f = -56 - -61. Suppose 0 = t + 4*k - 18, 5*t + k + 7 = 97. Calculate the remainder when t is divided by f.
3
Let v = 98 + -91. Suppose 113 = -3*p - 46. Let i = p - -78. What is the remainder when i is divided by v?
4
Let d = -325 + 357. Calculate the remainder when 316 is divided by d.
28
Let d be (-2 - -2) + -4 + 0 + 16. Suppose -d*y + 222 = 78. Calculate the remainder when 21 is divided by y.
9
Let f(h) = -8*h - 2. Let r be f(-5). Let i = 57 - r. What is the remainder when i is divided by (-50)/(-4)*(-8)/(-10)?
9
Suppose 4*m - 4*l = -28, -5*m - 9 = 5*l - 4. Let h = m + 8. Suppose -20 = -0*j - h*j. Calculate the remainder when 19 is divided by j.
4
Suppose 849 = 5*f - 24*n + 28*n, 2*f = n + 350. Calculate the remainder when f is divided by 7.
5
Let r be (-4)/30 - 146/30. Calculate the remainder when 3/r - (-153)/5 is divided by 16.
14
Suppose -3*w + 2*w = -10. Suppose 5*m - m + 5*p - 136 = 0, m + 4*p - 34 = 0. Let o = m + 3. What is the remainder when o is divided by w?
7
Calculate the remainder when 240 is divided by (127 + -66)*2/2.
57
Suppose 0 = 4*z + 8 - 52. Calculate the remainder when 26 is divided by z.
4
Let m(q) = -q + 10. Let t = -9 - -1. Let i be m(t). Let l = -1 + i. Calculate the remainder when 66 is divided by l.
15
Suppose -5*d = -97 - 188. Suppose -w + d = 2*w. Calculate the remainder when (75 - 0)*(-30)/(-30) is divided by w.
18
Suppose 5*k = -2*k - 119. Let c = k + 34. Let r(t) = t**3 + 9*t**2 - 16*t - 